 of s?
13
Let p(n) = -n**3 + 4*n**2 - n + 1. Let u be p(2). Let j(k) = -k**2 - 3*k + 7*k + 16 + 4*k - 21. What are the prime factors of j(u)?
2
Let u = 64 + -46. Let m be 7 + (20/(-5) - -2). Suppose 3*f - 8 = 5*k + u, m*f + 2*k - 64 = 0. List the prime factors of f.
2, 3
Suppose x = t - 17, -7*x + 2*x = 2*t + 71. Let i = x - -29. What are the prime factors of i?
2, 7
Let x = -7 - -6. What are the prime factors of ((-26)/2 - 0)/x?
13
Let o = -32 + 92. List the prime factors of o.
2, 3, 5
Suppose -12*q = -8*q - 736. What are the prime factors of q?
2, 23
Let s = -39 + 301. List the prime factors of s.
2, 131
Let g = 184 + -99. List the prime factors of g.
5, 17
Let n = -21 - -56. Suppose -4*i - i - n = 0. Let g = i + 16. List the prime factors of g.
3
Suppose 0 = 11*g - 8*g + 144. List the prime factors of ((-9)/6)/(4/g).
2, 3
Let r(o) be the second derivative of o**4/12 - 13*o**3/6 - o**2 - o. List the prime factors of r(15).
2, 7
Suppose -3*r = -4*g + 11, -2*g = -0*g - 4. Let x be -9*(r + 4)/(-9). Suppose 0 = 4*y - 17 - x. List the prime factors of y.
5
Let o(l) = l**2 - l. Let r be o(4). Let a be (-6)/4*r/(-9). Let u(s) = 5*s + 1. What are the prime factors of u(a)?
11
Let i be 1/(-4) - 122/(-8). Suppose -5*x - 5*f - i = 0, -4*x - 5*f + 6 = -10*f. What are the prime factors of 3/(x - 2)*-5?
5
Suppose -196 = -d + 2*a, 0*d - 744 = -4*d - 2*a. What are the prime factors of d?
2, 47
Suppose -2*t - 2*o - 14 = 0, 0*t = -t + 5*o + 11. Let p(s) = s**2 - 4*s. Let l be p(6). What are the prime factors of l/1 - (-2 - t)?
2, 5
Let i be (1/1)/1 - -1. Suppose i*a - u = 4*a - 9, u - 3 = 0. Suppose a*j = -2*y + 20, -4*j + j + 35 = -y. What are the prime factors of j?
2, 5
Let v(m) = -2*m - 3. Let x be v(-4). Let k(r) = r**3 - 4*r**2 - r - 4. What are the prime factors of k(x)?
2
Let t be ((-5)/2 - -2)*14. Let c = 3 - t. List the prime factors of c.
2, 5
Suppose -3*b - b + 220 = 4*y, b = 3*y - 181. Suppose -5*v = 4*d - 28 - y, 5*d = v - 29. What are the prime factors of v?
19
Suppose -5*l + 132 = -l. What are the prime factors of l?
3, 11
Let p(n) = -n**2 - 13. Let j(u) = 2*u**2 + 27. Let h(k) = -4*j(k) - 9*p(k). List the prime factors of h(5).
2, 17
What are the prime factors of (-4)/14 - ((-2780)/(-7))/(-4)?
3, 11
Suppose 0 = 3*z + 4*z - 280. List the prime factors of z.
2, 5
Let b = 12 - -2. Suppose -2*p - b = -4*p. What are the prime factors of p?
7
Let h(i) = -i**3 - i**2 + 2. Let m be h(-2). What are the prime factors of 7 - m*(-2)/(-4)?
2
Let l be 258/8*80/30. Suppose 5*g - l - 19 = 3*n, 0 = -5*n. List the prime factors of g.
3, 7
Let m = 22 - -29. List the prime factors of m.
3, 17
Let z(m) = m**3 - 25 + 25 - 2*m. Let x be z(2). Suppose 3*s = x*y + 46, -5*y = 4*s - 100 + 18. What are the prime factors of s?
2, 3
Let m(p) be the first derivative of p**4/4 + 2*p**3 + 5*p**2/2 - 3*p - 2. What are the prime factors of m(-4)?
3
Suppose 0 = 4*c + 60 - 320. List the prime factors of c.
5, 13
Suppose q - 71 = -50. What are the prime factors of q?
3, 7
Let j(x) = -2*x + 12*x**2 + 6*x + 1 - 2*x. What are the prime factors of j(-1)?
11
Let l = 0 - -9. List the prime factors of l.
3
Let s be (8/(-5))/(2/15). List the prime factors of (-35)/(-1)*s/(-30).
2, 7
Suppose -2*p = -4*c - 84, -p + 54 = c + 9. List the prime factors of p.
2, 11
Let p be (18/15)/((-4)/(-10)). Suppose n = p*i - 16, -2*i + 3*n = -2*n - 2. List the prime factors of i.
2, 3
Let q = -64 - -49. Suppose 6*w - w + 5 = 0, l + w = -8. Let p = l - q. What are the prime factors of p?
2
Let d be (4 - (0 - -3)) + -4. What are the prime factors of (-59)/d - (-7)/21?
2, 5
Let r = 5 + -2. Suppose g + 40 = 4*d, r*d - 4 = -g + 26. Suppose 2 = -o + d. List the prime factors of o.
2
Let k(m) = -7*m + 25. What are the prime factors of k(-26)?
3, 23
Let d = 9 + -4. List the prime factors of d.
5
What are the prime factors of (-260)/(-6) + 24/36?
2, 11
Let x be (21/(-5))/((-2)/10). Suppose -2*s = 2*s + 40. Let c = s + x. List the prime factors of c.
11
Let m(a) = -19*a - 7. Let s be m(-9). Let y = s - 86. List the prime factors of y/10 - 2/(-10).
2
Let a = -102 - -200. List the prime factors of a.
2, 7
Suppose -q + 50 = f + 2*q, 4*f - 161 = q. List the prime factors of f.
41
Let z(v) = 2*v - 4. Let t be z(5). Let g = 10 + -16. List the prime factors of (9/g)/(-1)*t.
3
Suppose 3*a = l + 3*l - 5, -5*l + 9 = -a. Suppose l*s - 24 = 2*x, -2*s + 3*x = -s - 18. What are the prime factors of s?
3
Let q(j) be the third derivative of j**4/24 + j**3/6 + 2*j**2. Let v be q(-1). Suppose v*o - 5*p = 5*o - 10, -o - 5*p + 2 = 0. List the prime factors of o.
2
Let q(z) = -2*z**2 - 5*z - 4. Let w be q(-3). Let m(t) = -t**3 - 6*t**2 + 7*t + 8. Let h be m(w). Let s(g) = g**2 - 8*g + 11. List the prime factors of s(h).
11
Let b(i) be the first derivative of 2*i**3/3 + 7*i**2/2 + 4*i + 2. Let f be b(-4). Let m(g) = g**2 - 8*g + 3. List the prime factors of m(f).
3
Suppose -2*p - 3*r + 7 = -1, 2*r - 2 = -p. Let u be (-3)/2 - 30/(-4). Suppose u*k - p = k. List the prime factors of k.
2
Suppose 2*m + 4*o - 102 = -o, 2*o + 156 = 4*m. Suppose m + 115 = 2*u. Suppose -u = -5*n - 33. What are the prime factors of n?
3
Suppose d = o + 3*d - 5, -2*o = 5*d - 11. Suppose o*w - 2*w = 4*n + 9, 3*w - 36 = 3*n. List the prime factors of w.
13
List the prime factors of -1*1/(-2)*32.
2
List the prime factors of (5 + (-284)/(-16))*2*2.
7, 13
Let g be 1/4 + 19/4. Suppose -16 = -2*m + 3*h, 0 = -g*m - 5*h + 66 + 24. What are the prime factors of m?
2, 7
Suppose -2*z = -p - 5 - 8, 20 = -5*p + z. Let t be (-100)/(-8) + p/6. What are the prime factors of (-24)/(-2)*16/t?
2
Let q = 7 - 4. Suppose 2*x - 110 = -2*x - q*l, -4*l - 44 = -2*x. Suppose -3*r = -4 - x. List the prime factors of r.
2, 5
Let n(p) = -p**2 - 15*p + 7. What are the prime factors of n(-12)?
43
Let w(m) = -m**3 + 7*m**2 + 10*m - 8. List the prime factors of w(6).
2, 11
Let n = -36 - -50. What are the prime factors of n?
2, 7
Suppose -4*v = -4*o + 264, 3*v = -o - 27 + 113. List the prime factors of o.
71
Suppose -5*w + 23 = -7. Let y(v) = -7*v**2 + 9*v - 6. Let a(i) = i**2. Let t(s) = 6*a(s) + y(s). What are the prime factors of t(w)?
2, 3
Let m(o) = -o**3 - o. Let y(x) = 4*x**3 + 9*x**2 - 2*x. Let l(i) = 5*m(i) + y(i). List the prime factors of l(8).
2
Let g = 102 - 37. Suppose 5*j + 0*j - g = 0. List the prime factors of j.
13
Suppose 4*q = 5*b - 132 + 29, -3*b + 63 = -2*q. What are the prime factors of b?
23
Suppose 3*h + d + 51 = -2*d, -5*h - 73 = 2*d. Let s = -9 - h. List the prime factors of s.
2
Suppose -5*x - 87 = -2*h - 483, 0 = -x - 5*h + 90. List the prime factors of x.
2, 5
Let t be ((-2)/(-4))/((-1)/(-8)). Let z(l) = l**2 - 2*l - 5. Let x be z(4). Let p = t + x. What are the prime factors of p?
7
Suppose 3*g = 5*f - 198, -22 = -f - 3*g + 8*g. Let s = 59 - f. List the prime factors of s.
17
Let s(k) = -3*k - 7. Suppose 3 + 3 = -d. What are the prime factors of s(d)?
11
Suppose 4*p = -65 + 321. What are the prime factors of p?
2
Let j(z) = z**2 - 2*z + 8. What are the prime factors of j(7)?
43
Suppose -r = -4*n + 17 - 4, 2*r = -5*n. Let t(f) = 4*f - 3*f**2 - 5*f - 6*f + 5 + n*f**2. What are the prime factors of t(-6)?
11
Let d(y) be the first derivative of 3*y**4/2 - 4*y**3/3 + y**2 - 1. Let p be d(2). Let q = -24 + p. List the prime factors of q.
2, 3
List the prime factors of 2*-13*(2 + -3).
2, 13
Let g(k) = k**2 + 2*k - 4. Let u be g(3). Suppose 5 - u = 3*z, 3*p + 3*z - 9 = 0. List the prime factors of p.
5
Suppose -7 = -2*t + 3. Suppose t*z = h + 103, z + 0*z = -4*h + 29. List the prime factors of z.
3, 7
Let h = 5 - 3. Suppose r = h*r - 2. Suppose 2*w + 5*a - 5 = -r*w, -2*w - a + 7 = 0. What are the prime factors of w?
5
Let u(g) = g**3 + 12*g**2 + 9*g + 24. What are the prime factors of u(-11)?
2, 23
Let i(u) = -2*u + 1. Let d(p) = p - 10. Let c be d(8). List the prime factors of i(c).
5
Let l be 2/((-3)/333*-3). Suppose z - 50 = -3*g, -3*z + l = 5*g - 6*z. What are the prime factors of g?
2
Let s be (0/(-3))/(-1 - 0). Let a be s - (2 - 3)*5. Suppose 2*k - l - 8 = l, -16 = -a*k + l. List the prime factors of k.
3
Suppose -13 = -5*g + 247. List the prime factors of g.
2, 13
Let h = 17 + 12. What are the prime factors of h?
29
Let p(r) = -r**3 - 2*r**2 - 2*r + 72. List the p